of m and u.
28
Let n be 3 - 0/(0 + -2). Let z be n + 145/(-45) + 310/18. Suppose -16 = -3*t + z. Calculate the highest common divisor of 11 and t.
11
Let d be 5/(2 + 46/(-24)). Suppose 7*q - 3*q = d. Suppose -28 = -4*n + 2*p, 0 = -4*n + 2*n - 2*p + 2. Calculate the greatest common factor of n and q.
5
Let w(o) = 3*o**2 + o + 10. Let g be w(0). Let d(b) = b**3 - 7*b**2 - 23*b - 15. Let h be d(g). Calculate the greatest common factor of h and 5.
5
Let b(a) = 16*a - 24. Let g be b(3). Suppose 157*q - 153*q = 1056. What is the highest common factor of q and g?
24
Let o be (-95)/(-665) - 235428/(-21). Calculate the highest common factor of o and 606.
303
Let v(u) = -u - 2. Let x be v(20). Let h be 28/(4 - x/(-6)) + 0. Calculate the greatest common divisor of h and 924.
84
Let v be (10 - -1 - -6) + 6. Suppose 0 = -3*k - 12, k - v = -5*a + 128. Calculate the greatest common factor of a and 248.
31
Let w = -9678 - -16240. Calculate the highest common factor of 579 and w.
193
Let d be (4/6)/(140/2310)*3/11. Calculate the highest common divisor of d and 5322.
3
Let q be 1451828/406 + 12/174. What is the greatest common divisor of q and 2086?
298
Let n = -1066 - -1070. What is the greatest common factor of n and 142?
2
Let l = -19 + 13. Let k be (-8)/(-12) + ((-380)/l - -1). Let m be (2 + (-6)/15)*k/2. What is the highest common divisor of m and 13?
13
Let a(f) = -17*f + 25. Let h be a(0). Let x be 10/9*-6*-15. What is the greatest common factor of h and x?
25
Let u be 2104 - (-1 - (-4 + 4 + -5)). Suppose 49*c - u = 29*c. Calculate the highest common divisor of c and 30.
15
Let a be ((-4)/(-10))/((-2)/(-160)). Let f be (387/45 - 8) + (-96)/(-15). Let s be 334/f + 8/28. What is the highest common factor of a and s?
16
Let p(h) = h + 44. Let a be p(-29). Suppose a*t = -15 + 690. What is the highest common divisor of 30 and t?
15
Suppose 19*s = 17*s - 296. Let u = s + 168. What is the greatest common divisor of u and 20?
20
Suppose -i + 15638 = 3*k, -20 = 2*i - 6. Calculate the highest common divisor of k and 21.
7
Suppose -2*b + a = 412, 2*a = -2*a + 16. Let o = b - -208. What is the highest common divisor of 4 and o?
4
Suppose o - 37 = 5*i - 7, -i - 5 = 0. Suppose 2*l + 65 + 71 = t, 0 = -t + l + 141. Let u = t + -126. What is the highest common factor of o and u?
5
Let l be (-1526)/(10/(-12) + 17/6). Let n = -700 - l. What is the greatest common divisor of n and 315?
63
Suppose -3*i = -2*p + 5, -3*p + 10 = -2*i - 0. Let a be p/(-16) - (8469/12)/(-3). What is the highest common divisor of a and 5?
5
Let n be (48/(-120)*(-215)/(-9) - 0)*-9. What is the greatest common divisor of 14018 and n?
86
Suppose 959 = 5*r + 4*y - 93, 9*r + 3*y - 1881 = 0. What is the highest common factor of 160 and r?
16
Let y(v) = 4*v - 127. Let m be y(-15). Let t be ((-38)/4)/(-9 - m/22). What is the greatest common divisor of t and 304?
19
Suppose 11*s - 2 - 218 = 0. Let k be (s/(-3))/(((-8)/3)/4). Calculate the greatest common divisor of 25 and k.
5
Let y be 10268 - ((-10)/(7 - -3) - -8). What is the greatest common divisor of y and 662?
331
Suppose 860*u = 875*u - 742275. Calculate the highest common factor of 15 and u.
15
Let c be (136/(-10))/((-21)/105). Suppose -11*s = -13*s + c. Calculate the highest common factor of 2 and s.
2
Let w be (71/2)/(267/534). Calculate the highest common divisor of 2627 and w.
71
Let g(l) = -l**3 + 2*l**2 + 108. Let b be g(0). Let j = -92 + b. What is the highest common divisor of 12 and j?
4
Let w = -17 + 33. Suppose -w*y = -17*y + 33. Calculate the highest common divisor of y and 143.
11
Suppose 4*q - 2*i = -2610, -17*q + 18*q - 5*i = -657. Let u = 1451 + q. What is the highest common factor of 47 and u?
47
Let g = 2398 + -2202. What is the greatest common divisor of 30772 and g?
196
Let o = 1979 + -1467. What is the greatest common factor of 40 and o?
8
Suppose 4*m - 15 = -o + m, 5*o + 5*m = 25. Suppose o = -z - 5*p + 55, 3 + 3 = -2*p. What is the highest common factor of 175 and z?
35
Suppose -3556*p + 3559*p = -2*y + 244, 3*y = p + 399. Calculate the highest common divisor of 17161 and y.
131
Let r(q) = q**2 + 2*q. Let f(t) = t**3 - 4*t**2 - 8*t - 4. Let d(s) = -2*f(s) - 6*r(s). Let z be d(-4). What is the highest common divisor of 19 and z?
19
Let j be 3/(-2)*(-34 - -7 - -17). Let b(x) = -x**2 + 14*x + 23. Let k be b(j). Calculate the greatest common divisor of k and 5.
1
Let p = 1828 + -842. Let t = 59228 + -59170. What is the greatest common divisor of t and p?
58
Let t(d) = -37*d**2 - 3*d + 42*d**2 - d + d + 10. Let a be t(0). What is the greatest common divisor of a and 550?
10
Let i(r) = 9*r + 6. Let p be i(6). Let u = -12333 + 12408. What is the greatest common factor of p and u?
15
Let t(a) = 3*a - 39. Let k be t(14). Suppose -2*d + 30 = 4*g, 10 = -k*g + 5*d + 26. What is the greatest common divisor of g and 14?
7
Suppose -183*g = -1272286 - 394112. Calculate the greatest common factor of g and 58.
58
Suppose 0 = -4*r - 4*j + 7368, -2*j + 14 = 2. Calculate the greatest common divisor of r and 204.
204
Let z = -189 + 194. Suppose 2*h - 3*h = z*u - 39, -3*h - 3*u = -57. Let w be 2/4 - (-111)/2. What is the highest common factor of w and h?
14
Let s(q) = -7*q**3 + q**2. Let k be s(-1). Let f be (-1*63/6 + -1)*-10. Suppose -f = -4*b + 109. Calculate the highest common factor of k and b.
8
Let w = 2622 - 2192. Calculate the highest common factor of 70 and w.
10
Let n = 39 - -13. Suppose -5*d + 38 = 2*m, 0*m - 2*d - n = -4*m. Let t = -581 - -595. What is the highest common divisor of m and t?
14
Suppose -100*a + 37874 = -71*a. Calculate the highest common divisor of a and 2.
2
Suppose 0 = 67*t - 62*t - k - 42412, -3*t = 4*k - 25461. What is the highest common factor of 51 and t?
17
Suppose 377*z - 374*z = -4*h + 1020, 0 = 4*h - 3*z - 996. Calculate the highest common factor of h and 78.
6
Suppose -3*b - x + 82 = 0, -b + 3*b - 66 = 5*x. Let f = b - -19. Suppose -92 = -4*o - g + f, g = -1. Calculate the highest common divisor of 7 and o.
7
Suppose -12*w + 180 = 18*w. Suppose 4*s - 4*a = 704, -w*a = 3*s - 5*a - 528. What is the highest common factor of 64 and s?
16
Suppose 5*x - 10 = 0, 0*d - 844 = -4*d + 2*x. Suppose d = 6*r + 146. Calculate the greatest common divisor of 275 and r.
11
Let m be 1 - (0/(-6)*-1 - 1). Suppose 5*y - 71 = -n + 66, 550 = 5*n - m*y. What is the greatest common divisor of 32 and n?
16
Let h(a) = -a**3 + 12*a**2 + 19*a - 53. Suppose -n - n + 21 = 5*t, n - 5*t = 18. Let b be h(n). Calculate the greatest common factor of 25 and b.
25
Suppose -5*t + 484 = -196. Let i = -11770 - -11787. What is the highest common divisor of t and i?
17
Suppose 5*s - 66 = j, s + 5 = -0. Let x = j - -91. Let z be 6 + (-4 + 5)*x. What is the highest common divisor of 10 and z?
2
Let a be (-24)/(4 - 11/2). Suppose 18 = -13*w + a*w. Calculate the greatest common factor of w and 102.
6
Let o = -69396 + 69419. Suppose 5*v - 1050 = 3*b, 5*v - b - 4*b - 1060 = 0. What is the greatest common factor of v and o?
23
Suppose 15*c - 75 = -0*c. Suppose c*i - 195 = 5*g, -5*g - 4 = -24. What is the greatest common factor of i and 43?
43
Let j(z) = 7 + 4*z**2 - 87*z + 0*z**2 + 8 + 79*z. Let n be j(2). Calculate the greatest common factor of 85 and n.
5
Let m(d) = -d**3 - 9*d**2 - 15*d - 13. Let r be m(-7). Let o be r/27 + 2596/18. What is the greatest common factor of o and 16?
16
Let n be (14 - 2)/(1/32). Suppose 0 = -t - t + n. Suppose 228 + 852 = 45*l. What is the highest common factor of t and l?
24
Suppose -n = -18 - 55. Let z be (n - (-28)/7) + -3. Calculate the greatest common factor of z and 37.
37
Let u(d) = d**2 - 4*d + 3. Let r(s) = 2*s - 7. Let z be r(4). Let m be u(z). Suppose 0*b - 5*b + 80 = m. Calculate the greatest common factor of 40 and b.
8
Let m be (-11271)/(-85) + 10/25. Suppose -m = 19*p - 646. Calculate the highest common factor of 1 and p.
1
Let o be (372/(-36))/((-4)/(-72)). Let a be (-2)/3*1395/o. Let g(x) = -3*x. Let v be g(-5). Calculate the greatest common divisor of a and v.
5
Let r = 59 - 71. Let l(a) = -a**2 - 10*a + 29. Let v be l(r). Suppose 0 = v*i + 7 - 232. What is the highest common factor of 9 and i?
9
Let r = 76 + -74. Suppose 17*k + r*k - 57 = 0. What is the greatest common factor of 24 and k?
3
Let d(p) = 17